{"id":6,"date":"2012-05-23T12:00:04","date_gmt":"2012-05-23T12:00:04","guid":{"rendered":"http:\/\/atlanttiseura.fi\/WP\/?page_id=6"},"modified":"2024-01-31T01:02:37","modified_gmt":"2024-01-31T01:02:37","slug":"etusivu","status":"publish","type":"page","link":"https:\/\/atlanttiseura.fi\/","title":{"rendered":""},"content":{"rendered":"<p><img decoding=\"async\" src=\"http:\/\/atlanttiseura.fi\/WP\/wp-content\/uploads\/2024\/01\/UM_NATO_liputus.jpg\" \/><\/p>\n<p><span style=\"color: #000000;\">Suomen Atlantti-Seura on avoin ja poliittisesti riippumaton kansalaisj\u00e4rjest\u00f6. S\u00e4\u00e4nt\u00f6jens\u00e4 mukaan seura edist\u00e4\u00e4 transatlanttista ulko- ja turvallisuuspoliittista keskustelua, tutkimusta ja koulutusta Suomessa.<\/span><\/p>\n<p><span style=\"color: #000000;\"> Tarkoituksensa toteuttamiseksi seura j\u00e4rjest\u00e4\u00e4 tilaisuuksia sek\u00e4 harjoittaa julkaisu- ja koulutustoimintaa. Seura toimii kohtaamispaikkana Natosta ja transatlanttisista ulko- ja turvallisuuspolitiikan kysymyksist\u00e4 kiinnostuneille suomalaisille.<\/span><\/p>\n<p><span style=\"color: #000000;\">Vuonna 1999 perustettu Suomen Atlantti-Seura tarjoaa ainoan transatlanttisten ulko- ja turvallisuuspoliittisten kysymysten k\u00e4sittelyyn painottuneen foorumin Suomessa ja edist\u00e4\u00e4 osaltaan moniarvoista keskustelukulttuuria. Seuraan kuuluu noin 1300 eri yhteiskunnan aloja edustavaa j\u00e4sent\u00e4, joita yhdist\u00e4\u00e4 kiinnostus transatlanttisiin ulko- ja turvallisuuspolitiikan kysymyksiin.<\/span><\/p>\n","protected":false},"excerpt":{"rendered":"<p>Suomen Atlantti-Seura on avoin ja poliittisesti riippumaton kansalaisj\u00e4rjest\u00f6. S\u00e4\u00e4nt\u00f6jens\u00e4 mukaan seura edist\u00e4\u00e4 transatlanttista ulko- ja turvallisuuspoliittista keskustelua, tutkimusta ja koulutusta Suomessa. Tarkoituksensa toteuttamiseksi seura j\u00e4rjest\u00e4\u00e4 tilaisuuksia sek\u00e4 harjoittaa julkaisu- ja koulutustoimintaa. Seura toimii kohtaamispaikkana Natosta ja transatlanttisista ulko- ja turvallisuuspolitiikan kysymyksist\u00e4 kiinnostuneille suomalaisille. Vuonna 1999 perustettu Suomen Atlantti-Seura tarjoaa ainoan transatlanttisten ulko- ja turvallisuuspoliittisten kysymysten &hellip; <\/p>\n","protected":false},"author":1,"featured_media":0,"parent":0,"menu_order":1,"comment_status":"closed","ping_status":"closed","template":"","meta":[],"_links":{"self":[{"href":"https:\/\/atlanttiseura.fi\/index.php?rest_route=\/wp\/v2\/pages\/6"}],"collection":[{"href":"https:\/\/atlanttiseura.fi\/index.php?rest_route=\/wp\/v2\/pages"}],"about":[{"href":"https:\/\/atlanttiseura.fi\/index.php?rest_route=\/wp\/v2\/types\/page"}],"author":[{"embeddable":true,"href":"https:\/\/atlanttiseura.fi\/index.php?rest_route=\/wp\/v2\/users\/1"}],"replies":[{"embeddable":true,"href":"https:\/\/atlanttiseura.fi\/index.php?rest_route=%2Fwp%2Fv2%2Fcomments&post=6"}],"version-history":[{"count":37,"href":"https:\/\/atlanttiseura.fi\/index.php?rest_route=\/wp\/v2\/pages\/6\/revisions"}],"predecessor-version":[{"id":3933,"href":"https:\/\/atlanttiseura.fi\/index.php?rest_route=\/wp\/v2\/pages\/6\/revisions\/3933"}],"wp:attachment":[{"href":"https:\/\/atlanttiseura.fi\/index.php?rest_route=%2Fwp%2Fv2%2Fmedia&parent=6"}],"curies":[{"name":"wp","href":"https:\/\/api.w.org\/{rel}","templated":true}]}}