{"id":3469,"date":"2018-02-28T15:56:57","date_gmt":"2018-02-28T15:56:57","guid":{"rendered":"http:\/\/atlanttiseura.fi\/?page_id=3469"},"modified":"2022-02-23T00:30:16","modified_gmt":"2022-02-23T00:30:16","slug":"2018-2","status":"publish","type":"page","link":"http:\/\/atlanttiseura.fi\/?page_id=3469","title":{"rendered":"2018"},"content":{"rendered":"<p><span style=\"color: #000000;\"><strong>\u00a0<\/strong><\/span><\/p>\n<p><span style=\"color: #000000;\"><strong>5.12.2018<\/strong><\/span><\/p>\n<p><span style=\"color: #000000;\"><strong>Suomen Atlantti-Seuran s\u00e4\u00e4nt\u00f6m\u00e4\u00e4r\u00e4inen syyskokous<\/strong><\/span><\/p>\n<p><span style=\"color: #000000;\">Syyskokouspuhuja: Yhdysvaltain Suomen suurl\u00e4hettil\u00e4s <strong>Robert Pence<\/strong><\/span><\/p>\n<p><span style=\"color: #000000;\">Tilaisuuden puheenjohti seuran hallituksen j\u00e4sen, suurl\u00e4hettil\u00e4s<strong> Jukka Valtasaari<\/strong><\/span><\/p>\n<p><span style=\"color: #000000;\">Tilaisuuden is\u00e4nn\u00f6i Islandairin maajohtaja <strong>Pekka M\u00e4kinen<\/strong><\/span><\/p>\n<p><span style=\"color: #000000;\">Palacen juhlasali, Helsinki<\/span><\/p>\n<p><span style=\"color: #000000;\"><em>Henkil\u00f6valinnat vuodelle 2019:<\/em><\/span><\/p>\n<p><span style=\"color: #000000;\">Suomen Atlantti-Seuran puheenjohtajaksi valittiin Euroopan parlamentin j\u00e4sen <strong>Liisa Jaakonsaari<\/strong><\/span><\/p>\n<p><span style=\"color: #000000;\"><em>Suomen Atlantti-Seuran hallituksen j\u00e4senet vuodelle 2019:<\/em><\/span><\/p>\n<p><span style=\"color: #000000;\"><strong>Erkki Aalto,<\/strong> Erityisasiantuntija<\/span><\/p>\n<p><span style=\"color: #000000;\"><strong>Tuomas Forsberg<\/strong>, Helsingin yliopiston tutkijakollegiumin johtaja, kansainv\u00e4lisen politiikan professori<\/span><\/p>\n<p><span style=\"color: #000000;\"><strong>Jari Haapiainen<\/strong>, EU- ja ulkopolitiikan asiantuntija<\/span><\/p>\n<p><span style=\"color: #000000;\"><strong>Henrik Lax<\/strong>, Varatuomari, diplomiekonomi<\/span><\/p>\n<p><span style=\"color: #000000;\"><strong>Jarno Limnell<\/strong>, Professori<\/span><\/p>\n<p><span style=\"color: #000000;\"><strong>Max Mickelsson<\/strong>, Yhteiskuntasuhteiden johtaja<\/span><\/p>\n<p><span style=\"color: #000000;\"><strong>Jari Rantapelkonen<\/strong>, Enonteki\u00f6n kunnanjohtaja, valtiotieteiden lisensiaatti, sotatieteiden tohtori<\/span><\/p>\n<p><span style=\"color: #000000;\"><strong>Pertti Salolainen<\/strong>, Kansanedustaja, ministeri<\/span><\/p>\n<p><span style=\"color: #000000;\"><strong>Minja Timperi<\/strong>, Kansainv\u00e4listen asioiden sihteeri<\/span><\/p>\n<p><span style=\"color: #000000;\"><strong>Jukka Valtasaari<\/strong>, Suurl\u00e4hettil\u00e4s<\/span><\/p>\n<p><span style=\"color: #000000;\"><strong>Samuli Virtanen<\/strong>, Valtiosihteeri<\/span><\/p>\n<p><span style=\"color: #000000;\"><strong>\u00a0<\/strong><\/span><\/p>\n<p><span style=\"color: #000000;\"><strong>7.11.2018<\/strong><\/span><\/p>\n<p><span style=\"color: #000000;\"><strong>Opportunities and Challenges in Transatlantic Defense: Finland&#8217;s Partnership with NATO, the Broader Alliance Context and the Impact of the US Mid-Term Elections<\/strong><\/span><\/p>\n<p><span style=\"color: #000000;\">Tilaisuuden puhuja: <strong>Leo Michel<\/strong>, Visiting Senior Fellow at Finnish Institute of International Affairs sek\u00e4 Non-resident Senior Fellow at Atlantic Council of the United States<\/span><\/p>\n<p><span style=\"color: #000000;\">Tilaisuuden puheenjohtaja: Suomen Atlantti-Seuran varapuheenjohtaja, ministeri <strong>Pertti Salolainen<\/strong><\/span><\/p>\n<p><span style=\"color: #000000;\">Tilaisuuden is\u00e4nn\u00f6i Suomen Reserviupseeriliiton puheenjohtaja <strong>Mikko Halkilahti<\/strong><\/span><\/p>\n<p><span style=\"color: #000000;\">Tilaisuus j\u00e4rjestettiin yhdess\u00e4 Suomen Reserviupseeriliiton (RUL) kanssa<\/span><\/p>\n<p><span style=\"color: #000000;\">Katajanokan Kasino, Helsinki<\/span><\/p>\n<p><span style=\"color: #000000;\"><strong>26.-29.9.2018<\/strong><\/span><\/p>\n<p><span style=\"color: #000000;\">Atlantti-Seurojen kattoj\u00e4rjest\u00f6n <strong>ATA:n 64. yleiskokous<\/strong> j\u00e4rjestettiin Bukarestissa Romaniassa<\/span><\/p>\n<p><span style=\"color: #000000;\"><strong>\u00a0<\/strong><\/span><\/p>\n<p><span style=\"color: #000000;\"><strong>30.8.2018<\/strong><\/span><\/p>\n<p><span style=\"color: #000000;\"><strong>U.S. Mid-Term Elections 2018<\/strong><\/span><\/p>\n<p><span style=\"color: #000000;\">Tilaisuuden puhujat olivat Yhdysvaltain kongressin kaksi entist\u00e4 edustajaa: Honorable <strong>Tom Davis<\/strong> (R-VA, 1994-2008) ja Honorable <strong>Martin Frost<\/strong> (D-TX, 1979-2005)<\/span><\/p>\n<p><span style=\"color: #000000;\">Tilaisuuden puheenjohtaja: Suomen Atlantti-Seuran hallituksen j\u00e4sen, suurl\u00e4hettil\u00e4s <strong>Jukka Valtasaari<\/strong><\/span><\/p>\n<p><span style=\"color: #000000;\">Tilaisuuden is\u00e4nn\u00f6i Yhdysvaltain Suomen suurl\u00e4hettil\u00e4s<strong> Robert Pence<\/strong><\/span><\/p>\n<p><span style=\"color: #000000;\">Tilaisuus j\u00e4rjestettiin yhdess\u00e4 Yhdysvaltain Suomen suurl\u00e4hetyst\u00f6n kanssa<\/span><\/p>\n<p><span style=\"color: #000000;\">Yhdysvaltain suurl\u00e4hetyst\u00f6, Helsinki<\/span><\/p>\n<p><span style=\"color: #000000;\"><strong>\u00a0<\/strong><strong>\u00a0<\/strong><\/span><\/p>\n<p><span style=\"color: #000000;\"><strong>26.3.2018<\/strong><\/span><\/p>\n<p><span style=\"color: #000000;\"><strong>Suomen Atlantti-Seura ry:n s\u00e4\u00e4nt\u00f6m\u00e4\u00e4r\u00e4inen kev\u00e4tkokous<\/strong><\/span><\/p>\n<p><span style=\"color: #000000;\">Kev\u00e4tkokouspuhuja: Suomen Nato-suurl\u00e4hettil\u00e4s <strong>Piritta Asunmaa<\/strong><\/span><\/p>\n<p><span style=\"color: #000000;\"><em>Euroopan turvallisuusymp\u00e4rist\u00f6n muutos ja Suomen Nato-kumppanuus<\/em><\/span><\/p>\n<p><span style=\"color: #000000;\">Tilaisuuden puheenjohtaja:\u00a0Suomen Atlantti-Seuran puheenjohtaja, Euroopan parlamentin j\u00e4sen\u00a0<strong>Liisa Jaakonsaari<\/strong><\/span><\/p>\n<p><span style=\"color: #000000;\">S\u00e4\u00e4tytalo, Helsinki<\/span><\/p>\n<p><span style=\"color: #000000;\"><strong>\u00a0<\/strong><strong>\u00a0<\/strong><\/span><\/p>\n<p><span style=\"color: #000000;\"><strong>26.2.2018<\/strong><\/span><\/p>\n<p><span style=\"color: #000000;\"><strong>Ireland and European Security: The EU and NATO<\/strong><\/span><\/p>\n<p><span style=\"color: #000000;\">Puhuja: Dr. <strong>Andrew Cottey<\/strong>, Head of Department and Jean Monnet Chair in European Political Integration, Department of Government, University College Cork<\/span><\/p>\n<p><span style=\"color: #000000;\">Tilaisuuden puheenjohtaja: Suomen Atlantti-Seuran hallituksen j\u00e4sen, professori <strong>Tuomas Forsberg<\/strong><\/span><\/p>\n<p><span style=\"color: #000000;\">Tilaisuuden em\u00e4nn\u00f6i Irlannin suurl\u00e4hettil\u00e4s <strong>Maeve Collins<\/strong><\/span><\/p>\n<p><span style=\"color: #000000;\">Tilaisuus j\u00e4rjestettiin yhdess\u00e4 Irlannin suurl\u00e4hetyst\u00f6n kanssa<\/span><\/p>\n<p><span style=\"color: #000000;\">Irlannin suurl\u00e4hettil\u00e4\u00e4n residenssi, Helsinki<\/span><\/p>\n","protected":false},"excerpt":{"rendered":"<p>\u00a0 5.12.2018 Suomen Atlantti-Seuran s\u00e4\u00e4nt\u00f6m\u00e4\u00e4r\u00e4inen syyskokous Syyskokouspuhuja: Yhdysvaltain Suomen suurl\u00e4hettil\u00e4s Robert Pence Tilaisuuden puheenjohti seuran hallituksen j\u00e4sen, suurl\u00e4hettil\u00e4s Jukka Valtasaari Tilaisuuden is\u00e4nn\u00f6i Islandairin maajohtaja Pekka M\u00e4kinen Palacen juhlasali, Helsinki Henkil\u00f6valinnat vuodelle 2019: Suomen Atlantti-Seuran puheenjohtajaksi valittiin Euroopan parlamentin j\u00e4sen Liisa Jaakonsaari Suomen Atlantti-Seuran hallituksen j\u00e4senet vuodelle 2019: Erkki Aalto, Erityisasiantuntija Tuomas Forsberg, Helsingin yliopiston tutkijakollegiumin &hellip; <\/p>\n","protected":false},"author":1,"featured_media":0,"parent":3150,"menu_order":0,"comment_status":"closed","ping_status":"closed","template":"","meta":[],"_links":{"self":[{"href":"http:\/\/atlanttiseura.fi\/index.php?rest_route=\/wp\/v2\/pages\/3469"}],"collection":[{"href":"http:\/\/atlanttiseura.fi\/index.php?rest_route=\/wp\/v2\/pages"}],"about":[{"href":"http:\/\/atlanttiseura.fi\/index.php?rest_route=\/wp\/v2\/types\/page"}],"author":[{"embeddable":true,"href":"http:\/\/atlanttiseura.fi\/index.php?rest_route=\/wp\/v2\/users\/1"}],"replies":[{"embeddable":true,"href":"http:\/\/atlanttiseura.fi\/index.php?rest_route=%2Fwp%2Fv2%2Fcomments&post=3469"}],"version-history":[{"count":13,"href":"http:\/\/atlanttiseura.fi\/index.php?rest_route=\/wp\/v2\/pages\/3469\/revisions"}],"predecessor-version":[{"id":3774,"href":"http:\/\/atlanttiseura.fi\/index.php?rest_route=\/wp\/v2\/pages\/3469\/revisions\/3774"}],"up":[{"embeddable":true,"href":"http:\/\/atlanttiseura.fi\/index.php?rest_route=\/wp\/v2\/pages\/3150"}],"wp:attachment":[{"href":"http:\/\/atlanttiseura.fi\/index.php?rest_route=%2Fwp%2Fv2%2Fmedia&parent=3469"}],"curies":[{"name":"wp","href":"https:\/\/api.w.org\/{rel}","templated":true}]}}