{"id":3313,"date":"2017-03-22T13:29:15","date_gmt":"2017-03-22T13:29:15","guid":{"rendered":"http:\/\/atlanttiseura.fi\/?page_id=3313"},"modified":"2022-02-23T00:09:45","modified_gmt":"2022-02-23T00:09:45","slug":"2003-2","status":"publish","type":"page","link":"http:\/\/atlanttiseura.fi\/?page_id=3313","title":{"rendered":"2003"},"content":{"rendered":"<p><span style=\"color: #000000;\"><strong>27.11.2003<\/strong><\/span><\/p>\n<p><span style=\"color: #000000;\"><em>Future perspectives on developing Defence and Security for European Forces<\/em><\/span><\/p>\n<p><span style=\"color: #000000;\">Speaker: Sir <strong>Michael Walker<\/strong>, General, Chief of the Defence Staff, British Army<strong><br \/>\n<\/strong><\/span><\/p>\n<p><span style=\"color: #000000;\">Venue: Auditorium of the Parliament House, Helsinki<\/span><\/p>\n<p><span style=\"color: #000000;\"><strong>21.11.2003<\/strong><\/span><\/p>\n<p><span style=\"color: #000000;\"><em>Conference: The United States and the World<\/em><\/span><\/p>\n<p><span style=\"color: #000000;\">Opening remarks: Mr <strong>Paavo Rantanen<\/strong>, Ambassador (ret.), Minister (Hon.), Chairman of the Atlantic Council of Finland<\/span><\/p>\n<p><span style=\"color: #000000;\"><em>The US Global Vision<\/em><\/span><br \/>\n<span style=\"color: #000000;\">Chair: Dr. <strong>Pauli J\u00e4rvenp\u00e4\u00e4<\/strong>, Director General, Ministry of Defence of Finland<\/span><br \/>\n<span style=\"color: #000000;\">Speakers:<\/span><br \/>\n<span style=\"color: #000000;\">Dr. <strong>Jeffrey Gedmin<\/strong>, Director, Aspen Institute of Berlin<\/span><br \/>\n<span style=\"color: #000000;\">Dr. <strong>Michael St\u00fcrmer<\/strong>, Chief Correspondent, Die Welt<\/span><br \/>\n<span style=\"color: #000000;\">Dr. <strong>Christopher Coker<\/strong>, Professor of International Affairs, London School of Economics and Political Science<\/span><\/p>\n<p><span style=\"color: #000000;\"><em>The US Globalized Military<\/em><\/span><br \/>\n<span style=\"color: #000000;\">Chair: Dr. <strong>Tomas Ries<\/strong>, Senior Researcher, National Defence College of Finland<\/span><br \/>\n<span style=\"color: #000000;\">Speakers:<\/span><br \/>\n<span style=\"color: #000000;\">Dr. <strong>Leo Michel<\/strong>, Senior Research Fellow, National Defence University, United States<\/span><br \/>\n<span style=\"color: #000000;\">Dr. <strong>Ingemar D\u00f6rfer<\/strong>, Research Director, Swedish National Defence Research Institute<\/span><br \/>\n<span style=\"color: #000000;\">Mr <strong>Aki-Mauri Huhtinen<\/strong>, Major, Finnish National Defence University<\/span><\/p>\n<p><span style=\"color: #000000;\"><em>US \u2013 European Relations<\/em><\/span><br \/>\n<span style=\"color: #000000;\">Chair: Dr.<strong> Ann-Sofie Dahl<\/strong>, Associate Professor, Lund University; Founder and Vice President of Swedish Atlantic Council<\/span><br \/>\n<span style=\"color: #000000;\">Speakers:<\/span><br \/>\n<span style=\"color: #000000;\">Dr. <strong>John C. Hulsman<\/strong>, Research Fellow, Heritage Foundation Davis Institute for International Policy Studies<\/span><br \/>\n<span style=\"color: #000000;\">Dr. <strong>Jean-Yves Haine<\/strong>, Research Fellow, European Union Institute for Security Studies<\/span><br \/>\n<span style=\"color: #000000;\">Dr. <strong>Tapani Vaahtoranta<\/strong>, Director, Finnish Institute of International Affairs<\/span><\/p>\n<p><span style=\"color: #000000;\"><em>Finland and the World<\/em><\/span><br \/>\n<span style=\"color: #000000;\">Chair: Mr <strong>Jaakko Laajava<\/strong>, Ambassador (ret.), Under-Secretary of State, Political Affairs, Ministry for Foreing Affairs of Finland<\/span><br \/>\n<span style=\"color: #000000;\">Speakers:<\/span><br \/>\n<span style=\"color: #000000;\">Mr <strong>Paavo Lipponen<\/strong>, Speaker of the Parliament of Finland<\/span><br \/>\n<span style=\"color: #000000;\">Dr. <strong>Risto E.J. Penttil\u00e4<\/strong>, Director, Finnish Busines and Policy Forum EVA<\/span><br \/>\n<span style=\"color: #000000;\">Dr. <strong>Michael Mihalka<\/strong>, Professor of East European Studies, George C. Marshall European Center for Security<\/span><\/p>\n<p><span style=\"color: #000000;\">Venue: S\u00e4\u00e4tytalo, Helsinki<\/span><\/p>\n<p><span style=\"color: #000000;\"><strong>1.10.2003<\/strong><\/span><\/p>\n<p><span style=\"color: #000000;\"><em>Transatlanttiset suhteet, EU:n tulevaisuus ja Ven\u00e4j\u00e4<\/em><\/span><\/p>\n<p><span style=\"color: #000000;\">Puhuja: <strong>Paula Lehtom\u00e4ki<\/strong>, Ulkomaankauppa- ja kehitysministeri<\/span><\/p>\n<p><span style=\"color: #000000;\">Paikka: Kvaerner Masa-Yards, Helsinki<\/span><\/p>\n<p><span style=\"color: #000000;\"><strong>1.10.2003<\/strong><\/span><\/p>\n<p><span style=\"color: #000000;\"><em>Suomen Atlantti-Seuran s\u00e4\u00e4nt\u00f6m\u00e4\u00e4r\u00e4inen syyskokous<\/em><\/span><\/p>\n<p><span style=\"color: #000000;\">Henkil\u00f6valinnat vuodelle 2004:<\/span><\/p>\n<p><span style=\"color: #000000;\">Suomen Atlantti-Seuran puheenjohtajaksi valittiin ministeri, suurl\u00e4hettil\u00e4s\u00a0<strong>Paavo Rantanen<\/strong><\/span><\/p>\n<p><span style=\"color: #000000;\">Suomen Atlantti-Seuran hallituksen j\u00e4senet vuodelle 2004:<\/span><\/p>\n<p><span style=\"color: #000000;\"><strong>Karoliina Honkanen<\/strong><\/span><br \/>\n<span style=\"color: #000000;\"><strong>Tarja Kantola<\/strong><\/span><br \/>\n<span style=\"color: #000000;\"><strong>Jyrki Katainen<\/strong><\/span><br \/>\n<span style=\"color: #000000;\"><strong>Olli Kivinen<\/strong><\/span><br \/>\n<span style=\"color: #000000;\"><strong>Risto E.J. Penttil\u00e4<\/strong><\/span><br \/>\n<span style=\"color: #000000;\"><strong>Tomas Ries<\/strong><\/span><br \/>\n<span style=\"color: #000000;\"><strong>Arto R\u00e4ty<\/strong><\/span><br \/>\n<span style=\"color: #000000;\"><strong>Martti Set\u00e4l\u00e4<\/strong><\/span><br \/>\n<span style=\"color: #000000;\"><strong>Ilkka Suominen<\/strong><\/span><br \/>\n<span style=\"color: #000000;\"><strong>Astrid Thors<\/strong><\/span><\/p>\n<p><span style=\"color: #000000;\">Sihteeri:<\/span><br \/>\n<span style=\"color: #000000;\"><strong>Kristiina Rinkineva<\/strong><\/span><\/p>\n<p><span style=\"color: #000000;\">Paikka: Kvaerner Masa-Yardsin henkil\u00f6st\u00f6ruokala Murtajan auditorio<\/span><\/p>\n<p><span style=\"color: #000000;\"><strong>28.4.2003<\/strong><\/span><\/p>\n<p><span style=\"color: #000000;\">Prof. <strong>Tuomas Forsberg<\/strong>, George C. Marshall Center for Security Studies, piti puheen\u00a0Suomen Atlantti-Seuran kev\u00e4tkokouksen yhteydess\u00e4.<\/span><\/p>\n<p><span style=\"color: #000000;\"><strong>28.4.2003<\/strong><\/span><\/p>\n<p><span style=\"color: #000000;\">Suomen Atlantti-Seuran s\u00e4\u00e4nt\u00f6m\u00e4\u00e4r\u00e4inen kev\u00e4tkokous<\/span><\/p>\n<p><span style=\"color: #000000;\"><strong>27.3.2003<\/strong><\/span><\/p>\n<p><span style=\"color: #000000;\"><em>Suomalaisten Nato-asenteiden kehitys ja asenteisiin vaikuttavat tekij\u00e4t<\/em><\/span><\/p>\n<p><span style=\"color: #000000;\"><strong>10.2.2003<\/strong><\/span><\/p>\n<p><span style=\"color: #000000;\"><em>EU-konventti loppusuoralla<\/em><\/span><\/p>\n<p><span style=\"color: #000000;\"><strong>Esko Antola<\/strong>, Professori, Jean Monnet Centre of Excellence -keskus,<\/span><br \/>\n<span style=\"color: #000000;\">Turun yliopisto<strong><br \/>\n<\/strong><strong>Alec Aalto<\/strong>, Suurl\u00e4hettil\u00e4s, Suomen suurl\u00e4hetyst\u00f6, Rooma<strong><br \/>\n<\/strong><strong>Kimmo Kiljunen<\/strong>, Kansanedustaja <strong><br \/>\n<\/strong><strong>Matti Vanhanen<\/strong>, Kansanedustaja<\/span><\/p>\n<p><span style=\"color: #000000;\">Seminaari\u00a0j\u00e4rjestettiin yhteisty\u00f6ss\u00e4 Euroopan komission Suomen edustuston kanssa<\/span><\/p>\n<p><span style=\"color: #000000;\"><strong>27.1.2003<\/strong><\/span><\/p>\n<p><span style=\"color: #000000;\"><em>Uusi Nato ja transatlanttisen yhteisty\u00f6n haasteet<br \/>\n<\/em><\/span><\/p>\n<p><span style=\"color: #000000;\">Puhujat:<strong><br \/>\nRobert Bradtke<\/strong>, Yhdysvaltain Eurooppasuhteiden apulaisp\u00e4\u00e4sihteeri (video konferenssi)<\/span><br \/>\n<span style=\"color: #000000;\"><strong>Jaakko Laajava<\/strong>, Alivaltiosihteeri, Ulkoasiainministeri\u00f6<\/span><\/p>\n","protected":false},"excerpt":{"rendered":"<p>27.11.2003 Future perspectives on developing Defence and Security for European Forces Speaker: Sir Michael Walker, General, Chief of the Defence Staff, British Army Venue: Auditorium of the Parliament House, Helsinki 21.11.2003 Conference: The United States and the World Opening remarks: Mr Paavo Rantanen, Ambassador (ret.), Minister (Hon.), Chairman of the Atlantic Council of Finland The &hellip; <\/p>\n","protected":false},"author":1,"featured_media":0,"parent":0,"menu_order":0,"comment_status":"closed","ping_status":"closed","template":"","meta":[],"_links":{"self":[{"href":"http:\/\/atlanttiseura.fi\/index.php?rest_route=\/wp\/v2\/pages\/3313"}],"collection":[{"href":"http:\/\/atlanttiseura.fi\/index.php?rest_route=\/wp\/v2\/pages"}],"about":[{"href":"http:\/\/atlanttiseura.fi\/index.php?rest_route=\/wp\/v2\/types\/page"}],"author":[{"embeddable":true,"href":"http:\/\/atlanttiseura.fi\/index.php?rest_route=\/wp\/v2\/users\/1"}],"replies":[{"embeddable":true,"href":"http:\/\/atlanttiseura.fi\/index.php?rest_route=%2Fwp%2Fv2%2Fcomments&post=3313"}],"version-history":[{"count":3,"href":"http:\/\/atlanttiseura.fi\/index.php?rest_route=\/wp\/v2\/pages\/3313\/revisions"}],"predecessor-version":[{"id":3753,"href":"http:\/\/atlanttiseura.fi\/index.php?rest_route=\/wp\/v2\/pages\/3313\/revisions\/3753"}],"wp:attachment":[{"href":"http:\/\/atlanttiseura.fi\/index.php?rest_route=%2Fwp%2Fv2%2Fmedia&parent=3313"}],"curies":[{"name":"wp","href":"https:\/\/api.w.org\/{rel}","templated":true}]}}

<p><span style="color: #000000;"><strong>27.11.2003</strong></span></p>
<p><span style="color: #000000;"><em>Future perspectives on developing Defence and Security for European Forces</em></span></p>
<p><span style="color: #000000;">Speaker: Sir <strong>Michael Walker</strong>, General, Chief of the Defence Staff, British Army<strong><br />
</strong></span></p>
<p><span style="color: #000000;">Venue: Auditorium of the Parliament House, Helsinki</span></p>
<p><span style="color: #000000;"><strong>21.11.2003</strong></span></p>
<p><span style="color: #000000;"><em>Conference: The United States and the World</em></span></p>
<p><span style="color: #000000;">Opening remarks: Mr <strong>Paavo Rantanen</strong>, Ambassador (ret.), Minister (Hon.), Chairman of the Atlantic Council of Finland</span></p>
<p><span style="color: #000000;"><em>The US Global Vision</em></span><br />
<span style="color: #000000;">Chair: Dr. <strong>Pauli Järvenpää</strong>, Director General, Ministry of Defence of Finland</span><br />
<span style="color: #000000;">Speakers:</span><br />
<span style="color: #000000;">Dr. <strong>Jeffrey Gedmin</strong>, Director, Aspen Institute of Berlin</span><br />
<span style="color: #000000;">Dr. <strong>Michael Stürmer</strong>, Chief Correspondent, Die Welt</span><br />
<span style="color: #000000;">Dr. <strong>Christopher Coker</strong>, Professor of International Affairs, London School of Economics and Political Science</span></p>
<p><span style="color: #000000;"><em>The US Globalized Military</em></span><br />
<span style="color: #000000;">Chair: Dr. <strong>Tomas Ries</strong>, Senior Researcher, National Defence College of Finland</span><br />
<span style="color: #000000;">Speakers:</span><br />
<span style="color: #000000;">Dr. <strong>Leo Michel</strong>, Senior Research Fellow, National Defence University, United States</span><br />
<span style="color: #000000;">Dr. <strong>Ingemar Dörfer</strong>, Research Director, Swedish National Defence Research Institute</span><br />
<span style="color: #000000;">Mr <strong>Aki-Mauri Huhtinen</strong>, Major, Finnish National Defence University</span></p>
<p><span style="color: #000000;"><em>US – European Relations</em></span><br />
<span style="color: #000000;">Chair: Dr.<strong> Ann-Sofie Dahl</strong>, Associate Professor, Lund University; Founder and Vice President of Swedish Atlantic Council</span><br />
<span style="color: #000000;">Speakers:</span><br />
<span style="color: #000000;">Dr. <strong>John C. Hulsman</strong>, Research Fellow, Heritage Foundation Davis Institute for International Policy Studies</span><br />
<span style="color: #000000;">Dr. <strong>Jean-Yves Haine</strong>, Research Fellow, European Union Institute for Security Studies</span><br />
<span style="color: #000000;">Dr. <strong>Tapani Vaahtoranta</strong>, Director, Finnish Institute of International Affairs</span></p>
<p><span style="color: #000000;"><em>Finland and the World</em></span><br />
<span style="color: #000000;">Chair: Mr <strong>Jaakko Laajava</strong>, Ambassador (ret.), Under-Secretary of State, Political Affairs, Ministry for Foreing Affairs of Finland</span><br />
<span style="color: #000000;">Speakers:</span><br />
<span style="color: #000000;">Mr <strong>Paavo Lipponen</strong>, Speaker of the Parliament of Finland</span><br />
<span style="color: #000000;">Dr. <strong>Risto E.J. Penttilä</strong>, Director, Finnish Busines and Policy Forum EVA</span><br />
<span style="color: #000000;">Dr. <strong>Michael Mihalka</strong>, Professor of East European Studies, George C. Marshall European Center for Security</span></p>
<p><span style="color: #000000;">Venue: Säätytalo, Helsinki</span></p>
<p><span style="color: #000000;"><strong>1.10.2003</strong></span></p>
<p><span style="color: #000000;"><em>Transatlanttiset suhteet, EU:n tulevaisuus ja Venäjä</em></span></p>
<p><span style="color: #000000;">Puhuja: <strong>Paula Lehtomäki</strong>, Ulkomaankauppa- ja kehitysministeri</span></p>
<p><span style="color: #000000;">Paikka: Kvaerner Masa-Yards, Helsinki</span></p>
<p><span style="color: #000000;"><strong>1.10.2003</strong></span></p>
<p><span style="color: #000000;"><em>Suomen Atlantti-Seuran sääntömääräinen syyskokous</em></span></p>
<p><span style="color: #000000;">Henkilövalinnat vuodelle 2004:</span></p>
<p><span style="color: #000000;">Suomen Atlantti-Seuran puheenjohtajaksi valittiin ministeri, suurlähettiläs <strong>Paavo Rantanen</strong></span></p>
<p><span style="color: #000000;">Suomen Atlantti-Seuran hallituksen jäsenet vuodelle 2004:</span></p>
<p><span style="color: #000000;"><strong>Karoliina Honkanen</strong></span><br />
<span style="color: #000000;"><strong>Tarja Kantola</strong></span><br />
<span style="color: #000000;"><strong>Jyrki Katainen</strong></span><br />
<span style="color: #000000;"><strong>Olli Kivinen</strong></span><br />
<span style="color: #000000;"><strong>Risto E.J. Penttilä</strong></span><br />
<span style="color: #000000;"><strong>Tomas Ries</strong></span><br />
<span style="color: #000000;"><strong>Arto Räty</strong></span><br />
<span style="color: #000000;"><strong>Martti Setälä</strong></span><br />
<span style="color: #000000;"><strong>Ilkka Suominen</strong></span><br />
<span style="color: #000000;"><strong>Astrid Thors</strong></span></p>
<p><span style="color: #000000;">Sihteeri:</span><br />
<span style="color: #000000;"><strong>Kristiina Rinkineva</strong></span></p>
<p><span style="color: #000000;">Paikka: Kvaerner Masa-Yardsin henkilöstöruokala Murtajan auditorio</span></p>
<p><span style="color: #000000;"><strong>28.4.2003</strong></span></p>
<p><span style="color: #000000;">Prof. <strong>Tuomas Forsberg</strong>, George C. Marshall Center for Security Studies, piti puheen Suomen Atlantti-Seuran kevätkokouksen yhteydessä.</span></p>
<p><span style="color: #000000;"><strong>28.4.2003</strong></span></p>
<p><span style="color: #000000;">Suomen Atlantti-Seuran sääntömääräinen kevätkokous</span></p>
<p><span style="color: #000000;"><strong>27.3.2003</strong></span></p>
<p><span style="color: #000000;"><em>Suomalaisten Nato-asenteiden kehitys ja asenteisiin vaikuttavat tekijät</em></span></p>
<p><span style="color: #000000;"><strong>10.2.2003</strong></span></p>
<p><span style="color: #000000;"><em>EU-konventti loppusuoralla</em></span></p>
<p><span style="color: #000000;"><strong>Esko Antola</strong>, Professori, Jean Monnet Centre of Excellence -keskus,</span><br />
<span style="color: #000000;">Turun yliopisto<strong><br />
</strong><strong>Alec Aalto</strong>, Suurlähettiläs, Suomen suurlähetystö, Rooma<strong><br />
</strong><strong>Kimmo Kiljunen</strong>, Kansanedustaja <strong><br />
</strong><strong>Matti Vanhanen</strong>, Kansanedustaja</span></p>
<p><span style="color: #000000;">Seminaari järjestettiin yhteistyössä Euroopan komission Suomen edustuston kanssa</span></p>
<p><span style="color: #000000;"><strong>27.1.2003</strong></span></p>
<p><span style="color: #000000;"><em>Uusi Nato ja transatlanttisen yhteistyön haasteet<br />
</em></span></p>
<p><span style="color: #000000;">Puhujat:<strong><br />
Robert Bradtke</strong>, Yhdysvaltain Eurooppasuhteiden apulaispääsihteeri (video konferenssi)</span><br />
<span style="color: #000000;"><strong>Jaakko Laajava</strong>, Alivaltiosihteeri, Ulkoasiainministeriö</span></p>
