{"id":3294,"date":"2017-03-22T13:22:19","date_gmt":"2017-03-22T13:22:19","guid":{"rendered":"http:\/\/atlanttiseura.fi\/?page_id=3294"},"modified":"2022-02-23T00:21:57","modified_gmt":"2022-02-23T00:21:57","slug":"2012-2","status":"publish","type":"page","link":"http:\/\/atlanttiseura.fi\/?page_id=3294","title":{"rendered":"2012"},"content":{"rendered":"<p><span style=\"color: #000000;\"><a style=\"color: #000000;\" href=\"http:\/\/atlanttiseura.fi\/WP\/wp-content\/uploads\/2012\/11\/as_slide_23112012.jpg\"><img decoding=\"async\" loading=\"lazy\" width=\"540\" height=\"360\" class=\"aligncenter  wp-image-765\" style=\"text-decoration: none; color: #676c6c;\" title=\"\" src=\"http:\/\/atlanttiseura.fi\/WP\/wp-content\/uploads\/2012\/11\/as_slide_23112012.jpg\" sizes=\"(max-width: 540px) 100vw, &lt;a href=\" srcset=\"http:\/\/atlanttiseura.fi\/WP\/wp-content\/uploads\/2012\/11\/as_slide_23112012.jpg 540w, http:\/\/atlanttiseura.fi\/WP\/wp-content\/uploads\/2012\/11\/as_slide_23112012-300x200.jpg 300w\" \/><br \/>\n<\/a><\/span><\/p>\n<p><span style=\"color: #000000;\"><strong>14.12.2012<\/strong><\/span><\/p>\n<p><span style=\"color: #000000;\"><em>Suomen Atlantti-Seuran s\u00e4\u00e4nt\u00f6m\u00e4\u00e4r\u00e4inen syyskokous<\/em><\/span><\/p>\n<p><span style=\"color: #000000;\">Henkil\u00f6valinnat vuodelle 2013:<\/span><\/p>\n<p><span style=\"color: #000000;\">Suomen Atlantti-Seuran puheenjohtajaksi valittiin Euroopan parlamentin j\u00e4sen<strong><br \/>\nLiisa Jaakonsaari<\/strong><\/span><\/p>\n<p><span style=\"color: #000000;\">Suomen Atlantti-Seuran hallituksen j\u00e4senet vuodelle 2013:<\/span><\/p>\n<p><span style=\"color: #000000;\"><strong>Tuomas Forsberg<\/strong>, Professori<\/span><br \/>\n<span style=\"color: #000000;\"><strong>Jari Haapiainen<\/strong>, Kansainv\u00e4listen asioiden sihteeri<\/span><br \/>\n<span style=\"color: #000000;\"><strong>Henrik Lax<\/strong>, Euroopan parlamentin j\u00e4sen (2004 \u2013 2009)<\/span><br \/>\n<span style=\"color: #000000;\"><strong>Max Mickelsson<\/strong>, Tietoyhteiskuntasuhteiden johtaja, Microsoft Oy<\/span><br \/>\n<span style=\"color: #000000;\"><strong>Helena Partanen<\/strong>, Johtaja, puolustusasiainneuvos<\/span><br \/>\n<span style=\"color: #000000;\"><strong>Jari Rantapelkonen<\/strong>, Sotilasprofessori<\/span><br \/>\n<span style=\"color: #000000;\"><strong>Pentti Sadeniemi<\/strong>, Valtiot. tohtori<\/span><br \/>\n<span style=\"color: #000000;\"><strong>Pertti Salolainen<\/strong>, Kansanedustaja, ministeri<\/span><br \/>\n<span style=\"color: #000000;\"><strong>Veli Sundb\u00e4ck<\/strong>, Suurl\u00e4hettil\u00e4s<\/span><br \/>\n<span style=\"color: #000000;\"><strong>Lauri Tierala<\/strong>, Eurooppa- ja ulkomaankauppaministerin erityisavustaja<\/span><br \/>\n<span style=\"color: #000000;\"><strong>Jukka Valtasaari<\/strong>, Suurl\u00e4hettil\u00e4s<\/span><\/p>\n<p><span style=\"color: #000000;\">P\u00e4\u00e4sihteeri:<strong><br \/>\nTerhi Suominen<\/strong>, Valtiotieteen maisteri<\/span><\/p>\n<p><span style=\"color: #000000;\">Paikka: G 18 Juhlasali, Helsinki<\/span><\/p>\n<p><span style=\"color: #000000;\"><strong>14.12.2012<\/strong><\/span><\/p>\n<p><span style=\"color: #000000;\"><em>Suomalaisten muuttumattomat asenteet?<\/em><\/span><\/p>\n<p><span style=\"color: #000000;\">Puhuja: <strong>Heli Santala<\/strong>, P\u00e4\u00e4sihteeri, Maanpuolustustiedotuksen suunnittelukunta MTS, Puolustusministeri\u00f6<\/span><\/p>\n<p><span style=\"color: #000000;\">Paikka: G18 Juhlasali, Helsinki<\/span><\/p>\n<p><span style=\"color: #000000;\"><a style=\"color: #000000;\" href=\"http:\/\/atlanttiseura.fi\/WP\/wp-content\/uploads\/2012\/05\/Heli-Santala_pieni1.jpg\"><img decoding=\"async\" loading=\"lazy\" class=\"alignnone size-full wp-image-858\" title=\"Heli Santala\" src=\"http:\/\/atlanttiseura.fi\/WP\/wp-content\/uploads\/2012\/05\/Heli-Santala_pieni1.jpg\" alt=\"\" width=\"250\" height=\"167\" \/><\/a>\u00a0\u00a0 <a style=\"color: #000000;\" href=\"http:\/\/atlanttiseura.fi\/WP\/wp-content\/uploads\/2012\/05\/141212_Pertti-Salolainen_pieni.jpg\"><img decoding=\"async\" loading=\"lazy\" class=\"alignnone size-full wp-image-857\" title=\"Pertti Salolainen\" src=\"http:\/\/atlanttiseura.fi\/WP\/wp-content\/uploads\/2012\/05\/141212_Pertti-Salolainen_pieni.jpg\" alt=\"\" width=\"250\" height=\"167\" \/><\/a><\/span><br \/>\n<span style=\"color: #000000;\"><a style=\"color: #000000;\" href=\"http:\/\/atlanttiseura.fi\/WP\/wp-content\/uploads\/2012\/05\/141212_yleiso_pieni.jpg\"><img decoding=\"async\" loading=\"lazy\" class=\"alignnone size-full wp-image-859\" title=\"\" src=\"http:\/\/atlanttiseura.fi\/WP\/wp-content\/uploads\/2012\/05\/141212_yleiso_pieni.jpg\" alt=\"\" width=\"250\" height=\"167\" \/><\/a>\u00a0\u00a0 <a style=\"color: #000000;\" href=\"http:\/\/atlanttiseura.fi\/WP\/wp-content\/uploads\/2012\/05\/Santala_Jaakonsaari_Salolainen_pieni.jpg\"><img decoding=\"async\" loading=\"lazy\" class=\"alignnone size-full wp-image-860\" title=\"Heli Santala, Liisa Jaakonsaari, Pertti Salolainen\" src=\"http:\/\/atlanttiseura.fi\/WP\/wp-content\/uploads\/2012\/05\/Santala_Jaakonsaari_Salolainen_pieni.jpg\" alt=\"\" width=\"250\" height=\"167\" \/><\/a><\/span><br \/>\n<span style=\"color: #000000;\"><a style=\"color: #000000;\" href=\"http:\/\/atlanttiseura.fi\/WP\/wp-content\/uploads\/2012\/05\/141212_levea.jpg\"><img decoding=\"async\" loading=\"lazy\" class=\"alignnone wp-image-861\" title=\"\" src=\"http:\/\/atlanttiseura.fi\/WP\/wp-content\/uploads\/2012\/05\/141212_levea.jpg\" alt=\"\" width=\"510\" height=\"200\" \/><\/a><\/span><\/p>\n<p><span style=\"color: #000000;\"><strong>23.11.2012<\/strong><\/span><\/p>\n<p><span style=\"color: #000000;\">Conference:<em> Nordic Security Cooperation = Smart Defence?<\/em><\/span><\/p>\n<p><span style=\"color: #000000;\">Welcoming words:\u00a0Mr <strong>Kimmo Sasi<\/strong>, MP, President of the Nordic Council<\/span><\/p>\n<p><span style=\"color: #000000;\">Chair: Mr <strong>Pertti Salolainen<\/strong>, Minister (Hon.), MP, Vice-Chair of Foreign Affairs Committee, Parliament of Finland and Vice-Chair of the Atlantic Council of Finland<\/span><\/p>\n<p><span style=\"color: #000000;\">Keynote speech:\u00a0Dr. <strong>Erkki Tuomioja<\/strong>, Minister for Foreign Affairs, Ministry for Foreign Affairs of Finland<\/span><br \/>\n<span style=\"color: #000000;\"><a style=\"color: #000000;\" href=\"http:\/\/atlanttiseura.fi\/WP\/wp-content\/uploads\/2012\/11\/Keynote_Speech_Tuomioja_231112.pdf\" target=\"_blank\" rel=\"noopener\">&gt;&gt; Speech by Minister Tuomioja<\/a><\/span><\/p>\n<p><span style=\"color: #000000;\">Presentations:<\/span><br \/>\n<span style=\"color: #000000;\">Dr. <strong>Henrik Breitenbauch<\/strong>, Senior Research Fellow, Centre for Military Studies, University of Copenhagen<\/span><br \/>\n<span style=\"color: #000000;\">Mr <strong>Ernst Egelid<\/strong>, Commander, Department of Security Policy, Ministry of Defence of Norway<\/span><br \/>\n<span style=\"color: #000000;\">Dr. <strong>Tuomas Forsberg<\/strong>, Professor, University of Tampere<\/span><br \/>\n<span style=\"color: #000000;\">Mrs <strong>Helena Partanen<\/strong>, Defence Counsellor, Director of International Policy Unit, Ministry of Defence of Finland and Member of the ACF board of directors<\/span><br \/>\n<span style=\"color: #000000;\">Dr.<strong> Tomas Ries<\/strong>, Senior Lecturer, Swedish National Defence College<\/span><\/p>\n<p><span style=\"color: #000000;\">Closing remarks: Mr <strong>Pertti Salolainen<\/strong>, Minister (Hon.), MP, Vice-Chair of Foreign Affairs Committee, Parliament of Finland and Vice-Chair of the Atlantic Council of Finland<\/span><\/p>\n<p><span style=\"color: #000000;\">Venue: Hanasaari \u2013 Swedish-Finnish Cultural Centre, Espoo<\/span><\/p>\n<p><span style=\"color: #000000;\">The conference was organised in cooperation with Danish Atlantic Treaty Association, Norwegian Atlantic Committee, Swedish Atlantic Council and Hanasaari \u2013 Swedish-Finnish Cultural Centre<\/span><\/p>\n<p><span style=\"color: #000000;\"><a style=\"color: #000000;\" href=\"http:\/\/www.katsomo.fi\/?progId=154912\">&gt;&gt; Conference news report broadcasted by the Finnish TV channel MTV3<\/a> (in Finnish)<\/span><\/p>\n<p><span style=\"color: #000000;\"><a style=\"color: #000000;\" href=\"http:\/\/atlanttiseura.fi\/WP\/wp-content\/uploads\/2012\/11\/Kimmo-Sasi_pieni.jpg\"><img decoding=\"async\" loading=\"lazy\" class=\"alignnone size-full wp-image-753\" title=\"Kimmo Sasi\" src=\"http:\/\/atlanttiseura.fi\/WP\/wp-content\/uploads\/2012\/11\/Kimmo-Sasi_pieni.jpg\" alt=\"\" width=\"250\" height=\"167\" \/><\/a>\u00a0\u00a0 <a style=\"color: #000000;\" href=\"http:\/\/atlanttiseura.fi\/WP\/wp-content\/uploads\/2012\/11\/23112012_yleiso_pieni.jpg\"><img decoding=\"async\" loading=\"lazy\" class=\"alignnone size-full wp-image-747\" title=\"Erkki Tuomioja\" src=\"http:\/\/atlanttiseura.fi\/WP\/wp-content\/uploads\/2012\/11\/23112012Erkki-Tuomioja_pieni.jpg\" alt=\"\" width=\"250\" height=\"167\" \/><img decoding=\"async\" loading=\"lazy\" class=\"alignnone size-full wp-image-755\" title=\"\" src=\"http:\/\/atlanttiseura.fi\/WP\/wp-content\/uploads\/2012\/11\/23112012_yleiso_pieni.jpg\" alt=\"\" width=\"250\" height=\"167\" \/><\/a>\u00a0\u00a0 <img decoding=\"async\" loading=\"lazy\" class=\"alignnone size-full wp-image-748\" title=\"Henrik Breitenbauch\" src=\"http:\/\/atlanttiseura.fi\/WP\/wp-content\/uploads\/2012\/11\/23112012_Henrik-Breitenbauch_pieni.jpg\" alt=\"\" width=\"250\" height=\"167\" \/><img decoding=\"async\" loading=\"lazy\" class=\"alignnone size-full wp-image-749\" title=\"Ernst Egelid\" src=\"http:\/\/atlanttiseura.fi\/WP\/wp-content\/uploads\/2012\/11\/23112012_Ernst-Egelid_pieni.jpg\" alt=\"\" width=\"250\" height=\"167\" \/>\u00a0\u00a0 <a style=\"color: #000000;\" href=\"http:\/\/atlanttiseura.fi\/WP\/wp-content\/uploads\/2012\/11\/23112012_Salolainen_Forsberg.jpg\"><img decoding=\"async\" loading=\"lazy\" class=\"alignnone size-full wp-image-762\" title=\"Pertti Salolainen, Tuomas Forsberg\" src=\"http:\/\/atlanttiseura.fi\/WP\/wp-content\/uploads\/2012\/11\/23112012_Salolainen_Forsberg.jpg\" alt=\"\" width=\"250\" height=\"167\" \/><\/a><a style=\"color: #000000;\" href=\"http:\/\/atlanttiseura.fi\/WP\/wp-content\/uploads\/2012\/11\/23112012_Egelid_Ries_Partanen_pieni.jpg\"><img decoding=\"async\" loading=\"lazy\" class=\"alignnone size-full wp-image-763\" title=\"Ernst Egelid, Tomas Ries, Helena Partanen\" src=\"http:\/\/atlanttiseura.fi\/WP\/wp-content\/uploads\/2012\/11\/23112012_Egelid_Ries_Partanen_pieni.jpg\" alt=\"\" width=\"250\" height=\"167\" \/><\/a>\u00a0\u00a0 <a style=\"color: #000000;\" href=\"http:\/\/atlanttiseura.fi\/WP\/wp-content\/uploads\/2012\/11\/23112012_yleiso-2_pieni.jpg\"><img decoding=\"async\" loading=\"lazy\" class=\"alignnone size-full wp-image-754\" title=\"\" src=\"http:\/\/atlanttiseura.fi\/WP\/wp-content\/uploads\/2012\/11\/23112012_yleiso-2_pieni.jpg\" alt=\"\" width=\"250\" height=\"167\" \/><\/a><\/span><\/p>\n<p><span style=\"color: #000000;\"><strong>2.11.2012<\/strong><\/span><\/p>\n<p><span style=\"color: #000000;\"><em>EU:n ulkosuhteet \u2013 Yhdell\u00e4 \u00e4\u00e4nell\u00e4 puhumisen vaikeus<\/em><\/span><\/p>\n<p><span style=\"color: #000000;\">Avaussanat: <strong>Sari Artjoki<\/strong>, Vt. p\u00e4\u00e4llikk\u00f6, Euroopan komission Suomen-edustusto<\/span><\/p>\n<p><span style=\"color: #000000;\">Puhujat:<strong><br \/>\n<\/strong><strong>Piritta Asunmaa<\/strong>, Suurl\u00e4hettil\u00e4s, poliittisten- ja turvallisuusasioiden komitea, Suomen pysyv\u00e4 edustusto Euroopan unionissa<strong><br \/>\nMika-Markus Leinonen<\/strong>, Johtaja, EU:n siviilikriisinhallintakomitea<strong>, <\/strong>Euroopan unionin neuvoston p\u00e4\u00e4sihteerist\u00f6<strong><br \/>\nLiisa Jaakonsaari<\/strong>, Euroopan parlamentin j\u00e4sen, Suomen Atlantti-Seuran puheenjohtaja<\/span><\/p>\n<p><span style=\"color: #000000;\">Puheenjohtaja: <strong>Pekka Nurminen<\/strong>, P\u00e4\u00e4llikk\u00f6, Euroopan parlamentin Suomen-tiedotustoimisto<\/span><\/p>\n<p><span style=\"color: #000000;\">Paikka: Eurooppasali, Helsinki<\/span><\/p>\n<p><span style=\"color: #000000;\">J\u00e4rjest\u00e4j\u00e4t: Suomen Atlantti-Seura, Eurooppalainen Suomi ry, Euroopan komission Suomen-edustusto ja Euroopan parlamentin Suomen-tiedotustoimisto<\/span><\/p>\n<p><span style=\"color: #000000;\"><a style=\"color: #000000;\" href=\"http:\/\/atlanttiseura.fi\/WP\/wp-content\/uploads\/2012\/05\/Sari-Artjoki_pieni.jpg\"><img decoding=\"async\" loading=\"lazy\" class=\"alignnone size-full wp-image-718\" title=\"Sari Artjoki\" src=\"http:\/\/atlanttiseura.fi\/WP\/wp-content\/uploads\/2012\/05\/Sari-Artjoki_pieni.jpg\" alt=\"\" width=\"250\" height=\"167\" \/><\/a>\u00a0\u00a0 <a style=\"color: #000000;\" href=\"http:\/\/atlanttiseura.fi\/WP\/wp-content\/uploads\/2012\/05\/Piritta-Asunmaa_pieni.jpg\"><img decoding=\"async\" loading=\"lazy\" class=\"alignnone size-full wp-image-719\" title=\"Piritta Asunmaa\" src=\"http:\/\/atlanttiseura.fi\/WP\/wp-content\/uploads\/2012\/05\/Piritta-Asunmaa_pieni.jpg\" alt=\"\" width=\"250\" height=\"167\" \/><\/a><img decoding=\"async\" loading=\"lazy\" class=\"alignnone size-full wp-image-717\" title=\"\" src=\"http:\/\/atlanttiseura.fi\/WP\/wp-content\/uploads\/2012\/11\/EUn-ulkosuhteet_yleiso_pieni.jpg\" alt=\"\" width=\"250\" height=\"167\" \/>\u00a0\u00a0 <a style=\"color: #000000;\" href=\"http:\/\/atlanttiseura.fi\/WP\/wp-content\/uploads\/2012\/11\/Mika-Markus_Leinonen_pieni.jpg\"><img decoding=\"async\" loading=\"lazy\" class=\"alignnone size-full wp-image-714\" title=\"Mika-Markus Leinonen\" src=\"http:\/\/atlanttiseura.fi\/WP\/wp-content\/uploads\/2012\/11\/Mika-Markus_Leinonen_pieni.jpg\" alt=\"\" width=\"250\" height=\"167\" \/><\/a><a style=\"color: #000000;\" href=\"http:\/\/atlanttiseura.fi\/WP\/wp-content\/uploads\/2012\/11\/Liisa_Jaakonsaari_pieni.jpg\"><img decoding=\"async\" loading=\"lazy\" class=\"alignnone size-full wp-image-721\" title=\"Liisa Jaakonsaari\" src=\"http:\/\/atlanttiseura.fi\/WP\/wp-content\/uploads\/2012\/11\/Liisa_Jaakonsaari_pieni.jpg\" alt=\"\" width=\"250\" height=\"167\" \/><\/a>\u00a0\u00a0 <a style=\"color: #000000;\" href=\"http:\/\/atlanttiseura.fi\/WP\/wp-content\/uploads\/2012\/11\/EUn-ulkosuhteet_pieni.jpg\"><img decoding=\"async\" loading=\"lazy\" class=\"alignnone size-full wp-image-708\" title=\"\" src=\"http:\/\/atlanttiseura.fi\/WP\/wp-content\/uploads\/2012\/11\/EUn-ulkosuhteet_pieni.jpg\" alt=\"\" width=\"250\" height=\"167\" \/><\/a><\/span><\/p>\n<p><span style=\"color: #000000;\"><strong>18.9.2012<\/strong><\/span><\/p>\n<p><span style=\"color: #000000;\">Morning coffee event: <em>Europe in U.S. Presidential Election<\/em><\/span><\/p>\n<p><span style=\"color: #000000;\">Speakers:<\/span><br \/>\n<span style=\"color: #000000;\">Ms <strong>Linda Moore Forbes<\/strong> (Dem.)<\/span><br \/>\n<span style=\"color: #000000;\">Ms <strong>Ann E. W. Stone<\/strong> (Rep.)<\/span><\/p>\n<p><span style=\"color: #000000;\">Chair: Mr <strong>Pertti Salolainen<\/strong>, Minister (Hon.), MP, Vice-Chair of Foreign Affairs Committee, Parliament of Finland and Vice-Chair of the Atlantic Council of Finland<\/span><\/p>\n<p><span style=\"color: #000000;\">Venue: Ekberg Extra,\u00a0Helsinki<\/span><\/p>\n<p><span style=\"color: #000000;\">The program\u00a0was kindly supported by the U.S. Embassy in Finland<\/span><\/p>\n<p><span style=\"color: #000000;\"><a style=\"color: #000000;\" href=\"http:\/\/atlanttiseura.fi\/WP\/wp-content\/uploads\/2012\/09\/Europe-in-US-Presidential-Election_2_pieni-e1348234102935.jpg\"><img decoding=\"async\" loading=\"lazy\" class=\"size-full wp-image-625 alignnone\" title=\"Ann E. W. Stone, Pertti Salolainen, Linda Moore Forbes\" src=\"http:\/\/atlanttiseura.fi\/WP\/wp-content\/uploads\/2012\/09\/Europe-in-US-Presidential-Election_2_pieni-e1348234102935.jpg\" alt=\"\" width=\"250\" height=\"166\" \/><\/a>\u00a0\u00a0 <a style=\"color: #000000;\" href=\"http:\/\/atlanttiseura.fi\/WP\/wp-content\/uploads\/2012\/09\/Europe-in-US-Presidential-Election_3-pieni-e1348234076144.jpg\"><img decoding=\"async\" loading=\"lazy\" class=\"size-full wp-image-626 alignnone\" src=\"http:\/\/atlanttiseura.fi\/WP\/wp-content\/uploads\/2012\/09\/Europe-in-US-Presidential-Election_3-pieni-e1348234076144.jpg\" alt=\"\" width=\"250\" height=\"166\" \/><\/a><\/span><\/p>\n<p><span style=\"color: #000000;\"><strong>3.7.2012<\/strong><\/span><\/p>\n<p><span style=\"color: #000000;\">Suomen Atlantti-Seura julkisti <em>Ett Nytt Nato?<\/em> -raportin. Raportti on ruotsinkielinen k\u00e4\u00e4nn\u00f6s ja uudistettu painos suomenkielisest\u00e4 <em>Uusi Nato?<\/em> -raportista. Raportin ovat kirjoittaneet <strong>Karoliina Honkanen<\/strong> ja <strong>Janne Kuusela<\/strong>.<a style=\"color: #000000;\" href=\"http:\/\/atlanttiseura.fi\/WP\/wp-content\/uploads\/2012\/07\/Ett_Nytt_Nato1.pdf\"><br \/>\n&gt;&gt; Ett Nytt Nato -raportti (pdf)<\/a><\/span><\/p>\n<p><span style=\"color: #000000;\">Raportin tilaukset: atlanttiseura[at]atlanttiseura.fi<\/span><\/p>\n<p><span style=\"color: #000000;\"><strong>8.6.2012<\/strong><\/span><\/p>\n<p><span style=\"color: #000000;\">Minister (Hon.), Ambassador <strong>Jaakko Iloniemi<\/strong>\u2019s 80th Anniversary Conference:<em><br \/>\n<\/em><em>Europe and Global Challenges<\/em><\/span><\/p>\n<p><span style=\"color: #000000;\">Speakers:<\/span><br \/>\n<span style=\"color: #000000;\">H.E. <strong>Martti Ahtisaari<\/strong>, former President of the Republic of Finland, Nobel Peace Prize Laureate<\/span><br \/>\n<span style=\"color: #000000;\">Mr <strong>Robert Hunter<\/strong>, former U.S. Ambassador to NATO, former U.S. Representative to the Western European Union<\/span><br \/>\n<span style=\"color: #000000;\">Prof.<strong> Martti H\u00e4iki\u00f6<\/strong>, Chair of the Paasikivi Society<\/span><br \/>\n<span style=\"color: #000000;\">Mr <strong>Jaakko Iloniemi<\/strong>, Minister (Hon.), Ambassador (ret.)<\/span><br \/>\n<span style=\"color: #000000;\">Mrs <strong>Liisa Jaakonsaari<\/strong>, Member of the European Parliament, Chair of the Atlantic Council of Finland<\/span><br \/>\n<span style=\"color: #000000;\">Mr<strong> Juhani Kaskeala<\/strong>,\u00a0Admiral (ret.), Commander of the Finnish Defence Forces<\/span><br \/>\n<span style=\"color: #000000;\">Dr. <strong>Erkki Tuomioja<\/strong>, Minister for Foreign Affairs, Ministry for Foreign Affairs of Finland<\/span><\/p>\n<p><span style=\"color: #000000;\">Chair: Mr <strong>Jukka Valtasaari<\/strong>, former Ambassador of Finland to the U.S.<\/span><\/p>\n<p><span style=\"color: #000000;\">Venue: Finlandia Hall, Helsinki<\/span><\/p>\n<p><span style=\"color: #000000;\">The conference was organised in cooperation with Paasikivi Society<\/span><\/p>\n<p><span style=\"color: #000000;\">The conference was organized by the kind support of Finnish Business and Policy Forum EVA, Ministry for Foreign Affairs of Finland and Nordea<\/span><\/p>\n<p><span style=\"color: #000000;\"><img decoding=\"async\" loading=\"lazy\" class=\"alignnone size-full wp-image-660\" title=\"Jaakko Iloniemi\" src=\"http:\/\/atlanttiseura.fi\/WP\/wp-content\/uploads\/2012\/10\/Jaakko-Iloniemi_pieni.jpg\" alt=\"\" width=\"250\" height=\"166\" \/>\u00a0 \u00a0<img decoding=\"async\" loading=\"lazy\" class=\"alignnone size-full wp-image-658\" title=\"Martti Ahtisaari\" src=\"http:\/\/atlanttiseura.fi\/WP\/wp-content\/uploads\/2012\/10\/Jaakko-Iloniemen-juhlaconferenssi_Martti-Ahtisaari_pieni.jpg\" alt=\"\" width=\"250\" height=\"166\" \/><\/span><br \/>\n<span style=\"color: #000000;\"><img decoding=\"async\" loading=\"lazy\" class=\"alignnone size-full wp-image-659\" title=\"Robert Hunter\" src=\"http:\/\/atlanttiseura.fi\/WP\/wp-content\/uploads\/2012\/10\/Jaakko-Iloniemen-juhlaconferenssi_Robert-Hunter_pieni.jpg\" alt=\"\" width=\"250\" height=\"166\" \/>\u00a0\u00a0 <img decoding=\"async\" loading=\"lazy\" class=\"alignnone size-full wp-image-662\" title=\"\" src=\"http:\/\/atlanttiseura.fi\/WP\/wp-content\/uploads\/2012\/10\/Jaakko-Iloniemen-juhlaconferenssi_yleiso_pieni1.jpg\" alt=\"\" width=\"250\" height=\"166\" \/><\/span><br \/>\n<span style=\"color: #000000;\"><img decoding=\"async\" loading=\"lazy\" title=\"Juhani Kaskeala, Jukka Valtasaari\" src=\"http:\/\/atlanttiseura.fi\/WP\/wp-content\/uploads\/2012\/10\/Jaakko-Iloniemen-juhlaconferenssi_Juhani-Kaskeala_pieni.jpg\" alt=\"\" width=\"250\" height=\"166\" \/>\u00a0\u00a0 <img decoding=\"async\" loading=\"lazy\" class=\"alignnone size-full wp-image-656\" title=\"Erkki Tuomioja, Klaus T\u00f6rnudd, Markku Reimaa, Leif Blomqvist, Jaakko Iloniemi, Jaakko Laajava\" src=\"http:\/\/atlanttiseura.fi\/WP\/wp-content\/uploads\/2012\/10\/Jaakko-Iloniemen-juhlaconferenssi_cocktails_pieni.jpg\" alt=\"\" width=\"250\" height=\"166\" \/><\/span><\/p>\n<p><span style=\"color: #000000;\"><strong>15.5.2012<\/strong><\/span><\/p>\n<p><span style=\"color: #000000;\"><em>Suomen Atlantti-Seuran s\u00e4\u00e4nt\u00f6m\u00e4\u00e4r\u00e4inen kev\u00e4tkokous<\/em><\/span><\/p>\n<p><span style=\"color: #000000;\"><strong>15.5.2012\u00a0<\/strong><\/span><\/p>\n<p><span style=\"color: #000000;\"><em>Uusi j\u00e4rjestys: USA, Nato ja Eurooppa G2-maailmassa<\/em><\/span><\/p>\n<p><span style=\"color: #000000;\">Puhuja:<strong> Matti Apunen,<\/strong> Johtaja<strong>, <\/strong>Elinkeinoel\u00e4m\u00e4n valtuuskunta<a style=\"color: #000000;\" href=\"http:\/\/atlanttiseura.fi\/en\/wp-content\/uploads\/2012\/05\/Puhe_Apunen_150512.pdf\" target=\"_blank\" rel=\"noopener\"><br \/>\n&gt;&gt; Matti Apusen puhe\u00a0(pdf)<\/a><\/span><\/p>\n<p><span style=\"color: #000000;\">Paikka: G18 Juhlasali, Helsinki<\/span><\/p>\n<p><span style=\"color: #000000;\"><img decoding=\"async\" loading=\"lazy\" class=\"alignnone size-full wp-image-664\" title=\"\" src=\"http:\/\/atlanttiseura.fi\/WP\/wp-content\/uploads\/2012\/10\/2012_kevatkokous_pieni.jpg\" sizes=\"(max-width: 540px) 100vw, 540px\" srcset=\"http:\/\/atlanttiseura.fi\/WP\/wp-content\/uploads\/2012\/10\/2012_kevatkokous_pieni.jpg 540w, http:\/\/atlanttiseura.fi\/WP\/wp-content\/uploads\/2012\/10\/2012_kevatkokous_pieni-300x119.jpg 300w\" alt=\"\" width=\"540\" height=\"215\" \/><\/span><\/p>\n<p><span style=\"color: #000000;\"><strong>14.3.2012<\/strong><\/span><\/p>\n<p><span style=\"color: #000000;\"><em>U.S. Military Presence in Europe<br \/>\n<\/em><\/span><br \/>\n<span style=\"color: #000000;\">Keynote speaker: Mr\u00a0<strong>Michael C. Ryan<\/strong>, Deputy Director, ECJ-5\/8 Security Cooperation and ODC Operations, U.S. European Command (EUCOM)<\/span><\/p>\n<p><span style=\"color: #000000;\">Chair: Mrs <strong>Helena Partanen<\/strong>, Defence Counsellor, Director of International Policy Unit, Ministry of Defence of Finland and Member of the ACF board of directors<\/span><\/p>\n<p><span style=\"color: #000000;\">Venue: Ekberg Extra, Helsinki<\/span><\/p>\n","protected":false},"excerpt":{"rendered":"<p>14.12.2012 Suomen Atlantti-Seuran s\u00e4\u00e4nt\u00f6m\u00e4\u00e4r\u00e4inen syyskokous Henkil\u00f6valinnat vuodelle 2013: Suomen Atlantti-Seuran puheenjohtajaksi valittiin Euroopan parlamentin j\u00e4sen Liisa Jaakonsaari Suomen Atlantti-Seuran hallituksen j\u00e4senet vuodelle 2013: Tuomas Forsberg, Professori Jari Haapiainen, Kansainv\u00e4listen asioiden sihteeri Henrik Lax, Euroopan parlamentin j\u00e4sen (2004 \u2013 2009) Max Mickelsson, Tietoyhteiskuntasuhteiden johtaja, Microsoft Oy Helena Partanen, Johtaja, puolustusasiainneuvos Jari Rantapelkonen, Sotilasprofessori Pentti Sadeniemi, Valtiot. &hellip; <\/p>\n","protected":false},"author":1,"featured_media":0,"parent":0,"menu_order":0,"comment_status":"closed","ping_status":"closed","template":"","meta":[],"_links":{"self":[{"href":"http:\/\/atlanttiseura.fi\/index.php?rest_route=\/wp\/v2\/pages\/3294"}],"collection":[{"href":"http:\/\/atlanttiseura.fi\/index.php?rest_route=\/wp\/v2\/pages"}],"about":[{"href":"http:\/\/atlanttiseura.fi\/index.php?rest_route=\/wp\/v2\/types\/page"}],"author":[{"embeddable":true,"href":"http:\/\/atlanttiseura.fi\/index.php?rest_route=\/wp\/v2\/users\/1"}],"replies":[{"embeddable":true,"href":"http:\/\/atlanttiseura.fi\/index.php?rest_route=%2Fwp%2Fv2%2Fcomments&post=3294"}],"version-history":[{"count":5,"href":"http:\/\/atlanttiseura.fi\/index.php?rest_route=\/wp\/v2\/pages\/3294\/revisions"}],"predecessor-version":[{"id":3767,"href":"http:\/\/atlanttiseura.fi\/index.php?rest_route=\/wp\/v2\/pages\/3294\/revisions\/3767"}],"wp:attachment":[{"href":"http:\/\/atlanttiseura.fi\/index.php?rest_route=%2Fwp%2Fv2%2Fmedia&parent=3294"}],"curies":[{"name":"wp","href":"https:\/\/api.w.org\/{rel}","templated":true}]}}