{"id":3246,"date":"2017-03-17T18:06:07","date_gmt":"2017-03-17T18:06:07","guid":{"rendered":"http:\/\/atlanttiseura.fi\/?page_id=3246"},"modified":"2022-02-22T23:53:39","modified_gmt":"2022-02-22T23:53:39","slug":"saannot","status":"publish","type":"page","link":"http:\/\/atlanttiseura.fi\/?page_id=3246","title":{"rendered":"S\u00e4\u00e4nn\u00f6t"},"content":{"rendered":"<p><span style=\"color: #000000;\"><strong>1. Yhdistyksen nimi<\/strong><\/span><\/p>\n<p><span style=\"color: #000000;\">Yhdistyksen nimi on Suomen Atlantti-Seura ry, Finlands Atlants\u00e4llskap rf. Kansainv\u00e4lisiss\u00e4 yhteyksiss\u00e4 voidaan yhdistyksest\u00e4 k\u00e4ytt\u00e4\u00e4 ep\u00e4virallista nime\u00e4 Atlantic Council of Finland. Yhdistyksen kotipaikka on Helsinki.<\/span><\/p>\n<p><span style=\"color: #000000;\"><strong>2. Yhdistyksen tarkoitus ja toiminnan laatu<\/strong><\/span><\/p>\n<p><span style=\"color: #000000;\">Yhdistyksen tarkoituksena on edist\u00e4\u00e4 euro-atlanttista, erityisesti Natoon ja Euroopan unioniin liittyv\u00e4\u00e4 turvallisuus- ja puolustuspoliittista keskustelua, tutkimusta ja koulutusta Suomessa. Yhdistys pyrkii rauhan, vakauden, demokratian ja ihmisoikeuksien kunnioituksen lujittamiseen Euroopassa. Yhdistys on puoluepoliittisesti riippumaton. Tarkoituksensa toteuttamiseksi yhdistys j\u00e4rjest\u00e4\u00e4 j\u00e4sentilaisuuksia, konferensseja sek\u00e4 harjoittaa tiedotus-, julkaisu- ja koulutustoimintaa. Toimintansa tukemiseksi se ker\u00e4\u00e4 j\u00e4senmaksuja, hakee valtionapua, avustuksia ja apurahoja sek\u00e4 ottaa vastaan lahjoituksia ja testamentteja. Yhdistys voi toimeenpanna asianmukaisen luvan saatuaan arpajaisia ja rahanker\u00e4yksi\u00e4 sek\u00e4 omistaa toimintaansa varten tarpeellista irtainta ja kiinte\u00e4\u00e4 omaisuutta.<\/span><\/p>\n<p><span style=\"color: #000000;\"><strong>3. Yhdistyksen j\u00e4senyys<\/strong><\/span><\/p>\n<p><span style=\"color: #000000;\">Yhdistykseen varsinaiseksi j\u00e4seneksi voidaan hyv\u00e4ksy\u00e4 henkil\u00f6, joka hyv\u00e4ksyy yhdistyksen tarkoituksen. Kannattavaksi j\u00e4seneksi voidaan hyv\u00e4ksy\u00e4 yksityinen henkil\u00f6 tai oikeuskelpoinen yhteis\u00f6, joka haluaa tukea yhdistyksen tarkoitusta ja toimintaa. Varsinaiset j\u00e4senet ja kannattavat j\u00e4senet hyv\u00e4ksyy hakemuksesta yhdistyksen hallitus. Varsinainen j\u00e4sen voi liitty\u00e4 ainaisj\u00e4seneksi maksamalla ainaisj\u00e4senen j\u00e4senmaksun. Kunniapuheenjohtajaksi tai kunniaj\u00e4seneksi voidaan hallituksen esityksest\u00e4 yhdistyksen kokouksessa kutsua henkil\u00f6, joka on huomattavasti edist\u00e4nyt ja tukenut yhdistyksen toimintaa.<\/span><\/p>\n<p><span style=\"color: #000000;\"><strong>4. Nuorten toiminta<\/strong><\/span><\/p>\n<p><span style=\"color: #000000;\">Suomen Atlantti-Seuran yhteydess\u00e4 toimii Suomen Atlantti-Seuran Nuoret -nimell\u00e4 toimiva verkosto. Verkosto toimii kiinte\u00e4ss\u00e4 yhteydess\u00e4 Suomen Atlantti-Seuran kanssa. Verkoston puheenjohtajan valitsee yhdistyksen hallitus. Atlantti-Seuran hallitus hyv\u00e4ksyy Nuorten toimintasuunnitelman osana yhdistyksen toimintaa. Nuorten toiminnan talous hoidetaan yhdistyksen kautta ja se sis\u00e4ltyy yhdistyksen tilinp\u00e4\u00e4t\u00f6kseen.<\/span><\/p>\n<p><span style=\"color: #000000;\"><strong>5. J\u00e4senen eroaminen ja erottaminen<\/strong><\/span><\/p>\n<p><span style=\"color: #000000;\">J\u00e4senell\u00e4 on oikeus erota yhdistyksest\u00e4 ilmoittamalla siit\u00e4 kirjallisesti hallitukselle tai sen puheenjohtajalle taikka ilmoittamalla siit\u00e4 yhdistyksen kokoukselle merkitt\u00e4v\u00e4ksi p\u00f6yt\u00e4kirjaan. Hallitus voi erottaa yhdistyksest\u00e4 j\u00e4senen, joka on j\u00e4tt\u00e4nyt er\u00e4\u00e4ntyneen j\u00e4senmaksunsa maksamatta tai muuten j\u00e4tt\u00e4nyt t\u00e4ytt\u00e4m\u00e4tt\u00e4 ne velvoitukset, joihin h\u00e4n on yhdistykseen liittym\u00e4ll\u00e4 sitoutunut tai on muutoin toiminnallaan yhdistyksess\u00e4 tai sen ulkopuolella huomattavasti vahingoittanut yhdistyst\u00e4 tai ei t\u00e4yt\u00e4 en\u00e4\u00e4 laissa tai muutoin yhdistyksen j\u00e4senyyden mainittuja ehtoja.<\/span><\/p>\n<p><span style=\"color: #000000;\"><strong>6. J\u00e4senmaksu<\/strong><\/span><\/p>\n<p><span style=\"color: #000000;\">Varsinaisilta j\u00e4senilt\u00e4 ja kannattavilta j\u00e4senilt\u00e4 peritt\u00e4v\u00e4n liittymismaksun ja vuotuisen j\u00e4senmaksun suuruudesta erikseen kummallekin j\u00e4senryhm\u00e4lle sek\u00e4 ainaisj\u00e4senmaksun suuruudesta p\u00e4\u00e4tt\u00e4\u00e4 vuosittain kokoontuva syyskokous. Kunniapuheenjohtaja ja kunniaj\u00e4senet eiv\u00e4t suorita j\u00e4senmaksuja.<\/span><\/p>\n<p><span style=\"color: #000000;\"><strong>7. Hallitus<\/strong><\/span><\/p>\n<p><span style=\"color: #000000;\">Yhdistyksen asioita hoitaa hallitus, johon kuuluu vuosittain kokoontuvan syyskokouksen valitsemina puheenjohtaja ja v\u00e4hint\u00e4\u00e4n viisi (5) ja enint\u00e4\u00e4n kaksitoista (12) j\u00e4sent\u00e4. Hallitus valitsee keskuudestaan kaksi varapuheenjohtajaa ja nimitt\u00e4\u00e4 joko keskuudestaan tai ulkopuolelta p\u00e4\u00e4sihteerin, rahastonhoitajan ja muut tarvittavat toimihenkil\u00f6t. P\u00e4\u00e4sihteerin ja rahastonhoitajan teht\u00e4v\u00e4t voidaan hallituksen niin p\u00e4\u00e4tt\u00e4ess\u00e4 yhdist\u00e4\u00e4. Hallitus voi perustaa pysyvi\u00e4 tai tilap\u00e4isi\u00e4 valiokuntia tai ty\u00f6ryhmi\u00e4. Hallitus kokoontuu puheenjohtajan tai h\u00e4nen estyneen\u00e4 ollessaan varapuheenjohtajan kutsusta, kun he katsovat siihen olevan aihetta tai kun v\u00e4hint\u00e4\u00e4n puolet hallituksen j\u00e4senist\u00e4 sit\u00e4 vaatii. Hallitus on p\u00e4\u00e4t\u00f6svaltainen, kun v\u00e4hint\u00e4\u00e4n puolet hallituksen j\u00e4senist\u00e4 ja puheenjohtaja tai h\u00e4nen estyneen\u00e4 ollessaan varapuheenjohtaja mukaan luettuna ovat l\u00e4sn\u00e4. \u00c4\u00e4nestykset ratkaistaan yksinkertaisella \u00e4\u00e4ntenenemmist\u00f6ll\u00e4, \u00e4\u00e4nten menness\u00e4 tasan ratkaisee puheenjohtajan \u00e4\u00e4ni, vaaleissa kuitenkin arpa.<\/span><\/p>\n<p><span style=\"color: #000000;\"><strong>8. Yhdistyksen nimen kirjoittaminen<\/strong><\/span><\/p>\n<p><span style=\"color: #000000;\">Yhdistyksen nimen kirjoittaa hallituksen puheenjohtaja, varapuheenjohtaja, p\u00e4\u00e4sihteeri tai rahastonhoitaja kukin yksin.<\/span><\/p>\n<p><span style=\"color: #000000;\"><strong>9. Tilikausi ja tilintarkastus<\/strong><\/span><\/p>\n<p><span style=\"color: #000000;\">Yhdistyksen tilikausi on kalenterivuosi. Yhdistyksen hallituksen on toimitettava toiminnantarkastajalle\/tilintarkastajalle tilinp\u00e4\u00e4t\u00f6s ja vuosikertomus v\u00e4hint\u00e4\u00e4n kolme viikkoa ennen yhdistyksen kev\u00e4tkokousta. Toiminnantarkastajan\/tilintarkastajan on annettava kirjallinen lausuntonsa hallitukselle v\u00e4hint\u00e4\u00e4n kaksi viikkoa ennen kev\u00e4tkokousta.<\/span><\/p>\n<p><span style=\"color: #000000;\"><strong>10. Yhdistyksen kokoukset<\/strong><\/span><\/p>\n<p><span style=\"color: #000000;\">Yhdistys pit\u00e4\u00e4 kaksi varsinaista kokousta. Yhdistyksen kev\u00e4tkokous pidet\u00e4\u00e4n tammi-toukokuussa ja syyskokous syys-joulukuussa hallituksen m\u00e4\u00e4r\u00e4\u00e4m\u00e4n\u00e4 p\u00e4iv\u00e4n\u00e4. Yhdistys voi j\u00e4rjest\u00e4\u00e4 ylim\u00e4\u00e4r\u00e4isen kokouksen, mik\u00e4li yhdistyksen kokous tai hallitus niin erikseen p\u00e4\u00e4tt\u00e4\u00e4. Kokous on j\u00e4rjestett\u00e4v\u00e4, jos v\u00e4hint\u00e4\u00e4n kymmenesosa (1\/10) yhdistyksen \u00e4\u00e4nioikeutetuista j\u00e4senist\u00e4 sit\u00e4 erikseen ilmoitettua asiaa varten kirjallisesti vaatii. Kokous on pidett\u00e4v\u00e4 kolmenkymmenen vuorokauden kuluessa siit\u00e4 kun vaatimus kokouksen pit\u00e4misest\u00e4 on esitetty. Yhdistyksen kokouksissa on jokaisella varsinaisella j\u00e4senell\u00e4, ainaisj\u00e4senell\u00e4, kunniapuheenjohtajalla ja kunniaj\u00e4senell\u00e4 yksi \u00e4\u00e4ni. Kannattavalla j\u00e4senell\u00e4 on kokouksessa l\u00e4sn\u00e4olo- ja puheoikeus. Yhdistyksen kokouksen p\u00e4\u00e4t\u00f6kseksi tulee se mielipide, jota on kannattanut yli puolet annetuista \u00e4\u00e4nist\u00e4, \u00e4\u00e4nten menness\u00e4 tasan ratkaisee puheenjohtajan \u00e4\u00e4ni, vaaleissa arpa.<\/span><\/p>\n<p><span style=\"color: #000000;\"><strong>11. Yhdistyksen kokousten koolle kutsuminen<\/strong><\/span><\/p>\n<p><span style=\"color: #000000;\">Yhdistyksen kokoukset on kutsuttava koolle v\u00e4hint\u00e4\u00e4n kaksi viikkoa ennen kokousta j\u00e4senille postitetuilla kirjeill\u00e4 tai s\u00e4hk\u00f6postilla.<\/span><\/p>\n<p><span style=\"color: #000000;\"><strong>12. Varsinaiset kokoukset<\/strong><\/span><\/p>\n<p><span style=\"color: #000000;\">Yhdistyksen kev\u00e4tkokouksessa esitet\u00e4\u00e4n hallituksen vuosikertomus, tilinp\u00e4\u00e4t\u00f6s ja toiminnantarkastajan\/tilintarkastajan kertomus sek\u00e4 p\u00e4\u00e4tet\u00e4\u00e4n tilinp\u00e4\u00e4t\u00f6ksen vahvistamisesta ja tili- ja vastuuvapauden my\u00f6nt\u00e4misest\u00e4 hallitukselle ja k\u00e4sitell\u00e4\u00e4n muut kokouskutsussa mainitut asiat. Yhdistyksen syyskokouksessa valitaan yhdistyksen puheenjohtaja ja hallituksen j\u00e4senet, valitaan tilintarkastusyhteis\u00f6 tai toiminnantarkastaja\/tilintarkastaja ja h\u00e4nelle varahenkil\u00f6 sek\u00e4 k\u00e4sitell\u00e4\u00e4n muut kokouskutsussa mainitut asiat. Mik\u00e4li yhdistyksen j\u00e4sen haluaa jonkin asian kev\u00e4t- tai syyskokouksen k\u00e4sitelt\u00e4v\u00e4ksi, on h\u00e4nen ilmoitettava siit\u00e4 niin hyviss\u00e4 ajoin kirjallisesti hallitukselle, ett\u00e4 se voidaan sis\u00e4llytt\u00e4\u00e4 kokouskutsuun.<\/span><\/p>\n<p><span style=\"color: #000000;\"><strong>13. S\u00e4\u00e4nt\u00f6jen muuttaminen ja yhdistyksen purkaminen<\/strong><\/span><\/p>\n<p><span style=\"color: #000000;\">P\u00e4\u00e4t\u00f6s s\u00e4\u00e4nt\u00f6jen muuttamisesta tai yhdistyksen purkamisesta on teht\u00e4v\u00e4 yhdistyksen kokouksessa v\u00e4hint\u00e4\u00e4n kolmen nelj\u00e4sosan (3\/4) \u00e4\u00e4nten enemmist\u00f6ll\u00e4 annetuista \u00e4\u00e4nist\u00e4. S\u00e4\u00e4nt\u00f6jen muuttamisesta tai yhdistyksen purkamisesta on ilmoitettava kokouskutsussa. Yhdistyksen purkautuessa k\u00e4ytet\u00e4\u00e4n varat yhdistyksen tarkoituksen edist\u00e4miseen purkautumisesta p\u00e4\u00e4tt\u00e4v\u00e4n kokouksen edellytt\u00e4m\u00e4ll\u00e4 tavalla. Yhdistyksen tullessa lakkautetuksi k\u00e4ytet\u00e4\u00e4n sen varat samaan tarkoitukseen.<\/span><\/p>\n","protected":false},"excerpt":{"rendered":"<p>1. Yhdistyksen nimi Yhdistyksen nimi on Suomen Atlantti-Seura ry, Finlands Atlants\u00e4llskap rf. Kansainv\u00e4lisiss\u00e4 yhteyksiss\u00e4 voidaan yhdistyksest\u00e4 k\u00e4ytt\u00e4\u00e4 ep\u00e4virallista nime\u00e4 Atlantic Council of Finland. Yhdistyksen kotipaikka on Helsinki. 2. Yhdistyksen tarkoitus ja toiminnan laatu Yhdistyksen tarkoituksena on edist\u00e4\u00e4 euro-atlanttista, erityisesti Natoon ja Euroopan unioniin liittyv\u00e4\u00e4 turvallisuus- ja puolustuspoliittista keskustelua, tutkimusta ja koulutusta Suomessa. Yhdistys pyrkii rauhan, &hellip; <\/p>\n","protected":false},"author":1,"featured_media":0,"parent":0,"menu_order":0,"comment_status":"closed","ping_status":"closed","template":"","meta":[],"_links":{"self":[{"href":"http:\/\/atlanttiseura.fi\/index.php?rest_route=\/wp\/v2\/pages\/3246"}],"collection":[{"href":"http:\/\/atlanttiseura.fi\/index.php?rest_route=\/wp\/v2\/pages"}],"about":[{"href":"http:\/\/atlanttiseura.fi\/index.php?rest_route=\/wp\/v2\/types\/page"}],"author":[{"embeddable":true,"href":"http:\/\/atlanttiseura.fi\/index.php?rest_route=\/wp\/v2\/users\/1"}],"replies":[{"embeddable":true,"href":"http:\/\/atlanttiseura.fi\/index.php?rest_route=%2Fwp%2Fv2%2Fcomments&post=3246"}],"version-history":[{"count":3,"href":"http:\/\/atlanttiseura.fi\/index.php?rest_route=\/wp\/v2\/pages\/3246\/revisions"}],"predecessor-version":[{"id":3737,"href":"http:\/\/atlanttiseura.fi\/index.php?rest_route=\/wp\/v2\/pages\/3246\/revisions\/3737"}],"wp:attachment":[{"href":"http:\/\/atlanttiseura.fi\/index.php?rest_route=%2Fwp%2Fv2%2Fmedia&parent=3246"}],"curies":[{"name":"wp","href":"https:\/\/api.w.org\/{rel}","templated":true}]}}